nits digit of 7026534?
4
What is the millions digit of 3647573?
3
What is the units digit of 5764?
4
What is the millions digit of 11029549?
1
What is the millions digit of 9787728?
9
What is the ten thousands digit of 9864144?
6
What is the millions digit of 13517345?
3
What is the ten thousands digit of 17189864?
8
What is the ten thousands digit of 1191035?
9
What is the ten thousands digit of 465566?
6
What is the tens digit of 15088932?
3
What is the hundreds digit of 366846?
8
What is the hundred thousands digit of 5792034?
7
What is the hundreds digit of 24786496?
4
What is the thousands digit of 700387?
0
What is the millions digit of 4385724?
4
What is the ten thousands digit of 35348466?
4
What is the tens digit of 977833?
3
What is the tens digit of 649219?
1
What is the millions digit of 9147217?
9
What is the ten thousands digit of 179556?
7
What is the hundred thousands digit of 731605?
7
What is the units digit of 37023?
3
What is the units digit of 2883846?
6
What is the millions digit of 10940019?
0
What is the hundred thousands digit of 4323905?
3
What is the ten thousands digit of 5193911?
9
What is the ten thousands digit of 200643?
0
What is the tens digit of 251677?
7
What is the tens digit of 846801?
0
What is the hundred thousands digit of 14511724?
5
What is the tens digit of 296576?
7
What is the hundred thousands digit of 9627386?
6
What is the units digit of 841348?
8
What is the units digit of 58914?
4
What is the ten thousands digit of 516140?
1
What is the units digit of 5411983?
3
What is the ten thousands digit of 2575495?
7
What is the ten thousands digit of 1478056?
7
What is the tens digit of 382954?
5
What is the tens digit of 181955?
5
What is the units digit of 3221381?
1
What is the thousands digit of 1986047?
6
What is the ten thousands digit of 2790601?
9
What is the tens digit of 540887?
8
What is the ten thousands digit of 1875383?
7
What is the hundreds digit of 321889?
8
What is the ten thousands digit of 465950?
6
What is the tens digit of 557626?
2
What is the units digit of 38785?
5
What is the hundreds digit of 247449?
4
What is the ten millions digit of 15588473?
1
What is the thousands digit of 898609?
8
What is the hundreds digit of 57915?
9
What is the tens digit of 5689773?
7
What is the thousands digit of 792313?
2
What is the hundreds digit of 2475861?
8
What is the hundreds digit of 30956657?
6
What is the ten thousands digit of 7879832?
7
What is the hundred thousands digit of 1519891?
5
What is the hundreds digit of 7103247?
2
What is the hundreds digit of 20838301?
3
What is the thousands digit of 186740?
6
What is the thousands digit of 226233?
6
What is the units digit of 40850?
0
What is the thousands digit of 899568?
9
What is the thousands digit of 643368?
3
What is the ten thousands digit of 1840655?
4
What is the tens digit of 2908557?
5
What is the tens digit of 30017707?
0
What is the units digit of 3670772?
2
What is the tens digit of 631519?
1
What is the hundred thousands digit of 2280728?
2
What is the millions digit of 2450874?
2
What is the ten thousands digit of 5677816?
7
What is the ten thousands digit of 107827?
0
What is the hundred thousands digit of 3051700?
0
What is the units digit of 20349872?
2
What is the thousands digit of 4715971?
5
What is the units digit of 252042?
2
What is the hundreds digit of 7786915?
9
What is the ten thousands digit of 13057996?
5
What is the units digit of 1131242?
2
What is the hundred thousands digit of 826897?
8
What is the hundreds digit of 1619918?
9
What is the hundreds digit of 212239?
2
What is the units digit of 57202?
2
What is the thousands digit of 62352?
2
What is the tens digit of 148728?
2
What is the hundred thousands digit of 375109?
3
What is the hundreds digit of 3454719?
7
What is the hundred thousands digit of 273004?
2
What is the hundred thousands digit of 2235058?
2
What is the millions digit of 8051894?
8
What is the units digit of 1528762?
2
What is the hundreds digit of 566318?
3
What is the units digit of 2079301?
1
What is the hundreds digit of 12459065?
0
What is the ten thousands digit of 489742?
8
What is the thousands digit of 401839?
1
What is the hundreds digit of 4304239?
2
What is the hundreds digit of 14011543?
5
What is the hundreds digit of 72746?
7
What is the ten thousands digit of 568079?
6
What is the tens digit of 20362973?
7
What is the ten thousands digit of 4175244?
7
What is the millions digit of 3857829?
3
What is the ten thousands digit of 1413217?
1
What is the ten thousands digit of 1582031?
8
What is the units digit of 6614514?
4
What is the units digit of 109447?
7
What is the hundreds digit of 686543?
5
What is the units digit of 12972722?
2
What is the hundred thousands digit of 857207?
8
What is the hundred thousands digit of 5635426?
6
What is the hundred thousands digit of 597218?
5
What is the ten thousands digit of 3177873?
7
What is the ten thousands digit of 4985799?
8
What is the tens digit of 17112252?
5
What is the hundred thousands digit of 8146213?
1
What is the ten thousands digit of 526696?
2
What is the hundreds digit of 275164?
1
What is the ten thousands digit of 3957503?
5
What is the thousands digit of 1578090?
8
What is the hundreds digit of 1666473?
4
What is the tens digit of 6844139?
3
What is the millions digit of 2284819?
2
What is the hundreds digit of 4956891?
8
What is the millions digit of 14786470?
4
What is the tens digit of 39991211?
1
What is the tens digit of 39333862?
6
What is the tens digit of 538059?
5
What is the thousands digit of 66863?
6
What is the units digit of 4691325?
5
What is the tens digit of 22840300?
0
What is the ten millions digit of 11894522?
1
What is the hundred thousands digit of 480157?
4
What is the hundred thousands digit of 504502?
5
What is the hundreds digit of 181037?
0
What is the millions digit of 16545929?
6
What is the thousands digit of 7738792?
8
What is the thousands digit of 112981?
2
What is the thousands digit of 9803598?
3
What is the tens digit of 2437239?
3
What is the hundreds digit of 5612396?
3
What is the thousands digit of 1139189?
9
What is the hundreds digit of 153064?
0
What is the hundred thousands digit of 6117916?
1
What is the thousands digit of 30149007?
9
What is the thousands digit of 2563628?
3
What is the ten thousands digit of 10991310?
9
What is the tens digit of 916844?
4
What is the hundreds digit of 214807?
8
What is the hundred thousands digit of 21251585?
2
What is the ten thousands digit of 222476?
2
What is the thousands digit of 218067?
8
What is the hundred thousands digit of 460675?
4
What is the ten millions digit of 11052828?
1
What is the hundreds digit of 8214486?
4
What is the hundreds digit of 445745?
7
What is the hundreds digit of 2308996?
9
What is the millions digit of 2305975?
2
What is the hundreds digit of 6926571?
5
What is the ten thousands digit of 30832?
3
What is the ten thousands digit of 10320824?
2
What is the hundred thousands digit of 759749?
7
What is the millions digit of 1958150?
1
What is the hundred thousands digit of 848476?
8
What is the tens digit of 139394?
9
What is the thousands digit of 2915601?
5
What is the hundreds digit of 8882236?
2
What is the hundreds digit of 300779?
7
What is the tens digit of 7515346?
4
What is the hundreds digit of 1053751?
7
What is the hundred thousands digit of 9810276?
8
What is the hundred thousands digit of 2511790?
5
What is the hundreds digit of 1316846?
8
What is the hundred thousands digit of 1829116?
8
What is the units digit of 810231?
1
What is the tens digit of 250686?
8
What is the tens digit of 508081?
8
What is the hundreds digit of 102738?
7
What is the millions digit of 6140757?
6
What is the hundred thousands digit of 914830?
9
What is the units digit of 1644397?
7
What is the thousands digit of 202703?
2
What is the units digit of 4421?
1
What is the ten thousands digit of 258758?
5
What is the thousands digit of 3041022?
1
What is the ten thousands digit of 579133?
7
What is the units digit of 998495?
5
What is the hundred thousands digit of 1980411?
9
What is the tens digit of 570470?
7
What is the tens digit of 782965?
6
What is the tens digit of 173067?
6
What is the units digi